{"id":721,"date":"2026-01-28T15:01:14","date_gmt":"2026-01-28T14:01:14","guid":{"rendered":"https:\/\/ariel.cfrd.cl\/salutogenesis\/?page_id=721"},"modified":"2026-01-29T20:12:03","modified_gmt":"2026-01-29T19:12:03","slug":"convocatoria-general","status":"publish","type":"page","link":"https:\/\/ariel.cfrd.cl\/salutogenesis\/convocatoria\/convocatoria-general\/","title":{"rendered":"Convocatoria general"},"content":{"rendered":"\t\t<div data-elementor-type=\"wp-page\" data-elementor-id=\"721\" class=\"elementor elementor-721\" data-elementor-post-type=\"page\">\n\t\t\t\t<div class=\"elementor-element elementor-element-d24694d e-flex e-con-boxed e-con e-parent\" data-id=\"d24694d\" data-element_type=\"container\" data-settings=\"{&quot;background_background&quot;:&quot;classic&quot;}\">\n\t\t\t\t\t<div class=\"e-con-inner\">\n\t\t\t\t<div class=\"elementor-element elementor-element-645aad6 elementor-widget elementor-widget-heading\" data-id=\"645aad6\" data-element_type=\"widget\" data-widget_type=\"heading.default\">\n\t\t\t\t\t<h2 class=\"elementor-heading-title elementor-size-default\">Convocatoria<\/h2>\t\t\t\t<\/div>\n\t\t\t\t\t<\/div>\n\t\t\t\t<\/div>\n\t\t<div class=\"elementor-element elementor-element-d9cddc2 e-flex e-con-boxed e-con e-parent\" data-id=\"d9cddc2\" data-element_type=\"container\">\n\t\t\t\t\t<div class=\"e-con-inner\">\n\t\t\t\t<div class=\"elementor-element elementor-element-745cedf elementor-widget elementor-widget-heading\" data-id=\"745cedf\" data-element_type=\"widget\" data-widget_type=\"heading.default\">\n\t\t\t\t\t<h2 class=\"elementor-heading-title elementor-size-default\">CONVOCATORIA GENERAL\n<\/h2>\t\t\t\t<\/div>\n\t\t\t\t<div class=\"elementor-element elementor-element-287cbc2 elementor-widget-divider--view-line elementor-widget elementor-widget-divider\" data-id=\"287cbc2\" data-element_type=\"widget\" data-widget_type=\"divider.default\">\n\t\t\t\t\t\t\t<div class=\"elementor-divider\">\n\t\t\t<span class=\"elementor-divider-separator\">\n\t\t\t\t\t\t<\/span>\n\t\t<\/div>\n\t\t\t\t\t\t<\/div>\n\t\t\t\t\t<\/div>\n\t\t\t\t<\/div>\n\t\t<div class=\"elementor-element elementor-element-b78dc89 e-flex e-con-boxed e-con e-parent\" data-id=\"b78dc89\" data-element_type=\"container\">\n\t\t\t\t\t<div class=\"e-con-inner\">\n\t\t<div class=\"elementor-element elementor-element-b30fac6 e-con-full e-flex e-con e-child\" data-id=\"b30fac6\" data-element_type=\"container\">\n\t\t\t\t<\/div>\n\t\t<div class=\"elementor-element elementor-element-0567049 e-con-full e-flex e-con e-child\" data-id=\"0567049\" data-element_type=\"container\">\n\t\t\t\t<div class=\"elementor-element elementor-element-74d52fc elementor-widget elementor-widget-text-editor\" data-id=\"74d52fc\" data-element_type=\"widget\" data-widget_type=\"text-editor.default\">\n\t\t\t\t\t\t\t\t\tEl tema principal de la conferencia es <strong>\u201cSalutog\u00e9nesis \u2013 Conectando Culturas, Tejiendo Bienestar\u201d<\/strong>. Puedes conocer en detalle el alcance y objetivos de la conferencia aqu\u00ed.\t\t\t\t\t\t\t\t<\/div>\n\t\t\t\t<div class=\"elementor-element elementor-element-12aa47c elementor-widget elementor-widget-button\" data-id=\"12aa47c\" data-element_type=\"widget\" data-widget_type=\"button.default\">\n\t\t\t\t\t\t\t\t\t\t<a class=\"elementor-button elementor-button-link elementor-size-sm\" href=\"#\">\n\t\t\t\t\t\t<span class=\"elementor-button-content-wrapper\">\n\t\t\t\t\t\t<span class=\"elementor-button-icon\">\n\t\t\t\t<svg aria-hidden=\"true\" class=\"e-font-icon-svg e-fas-external-link-alt\" viewBox=\"0 0 512 512\" xmlns=\"http:\/\/www.w3.org\/2000\/svg\"><path d=\"M432,320H400a16,16,0,0,0-16,16V448H64V128H208a16,16,0,0,0,16-16V80a16,16,0,0,0-16-16H48A48,48,0,0,0,0,112V464a48,48,0,0,0,48,48H400a48,48,0,0,0,48-48V336A16,16,0,0,0,432,320ZM488,0h-128c-21.37,0-32.05,25.91-17,41l35.73,35.73L135,320.37a24,24,0,0,0,0,34L157.67,377a24,24,0,0,0,34,0L435.28,133.32,471,169c15,15,41,4.5,41-17V24A24,24,0,0,0,488,0Z\"><\/path><\/svg>\t\t\t<\/span>\n\t\t\t\t\t\t\t\t\t<span class=\"elementor-button-text\">Ver m\u00e0s<\/span>\n\t\t\t\t\t<\/span>\n\t\t\t\t\t<\/a>\n\t\t\t\t\t\t\t\t<\/div>\n\t\t\t\t<\/div>\n\t\t\t\t\t<\/div>\n\t\t\t\t<\/div>\n\t\t<div class=\"elementor-element elementor-element-daaab8b e-flex e-con-boxed e-con e-parent\" data-id=\"daaab8b\" data-element_type=\"container\">\n\t\t\t\t\t<div class=\"e-con-inner\">\n\t\t\t\t<div class=\"elementor-element elementor-element-125f36b elementor-widget elementor-widget-text-editor\" data-id=\"125f36b\" data-element_type=\"widget\" data-widget_type=\"text-editor.default\">\n\t\t\t\t\t\t\t\t\tInvitamos a quienes deseen participar en la conferencia a enviar res\u00famenes relacionados con la Salutog\u00e9nesis. Despu\u00e9s de la convocatoria general, encontrar\u00e1s una convocatoria especial adicional de \u201cRebeldes Salutog\u00e9nicos\/as\u201d.\t\t\t\t\t\t\t\t<\/div>\n\t\t\t\t\t<\/div>\n\t\t\t\t<\/div>\n\t\t<div class=\"elementor-element elementor-element-bf67d87 e-flex e-con-boxed e-con e-parent\" data-id=\"bf67d87\" data-element_type=\"container\" data-settings=\"{&quot;background_background&quot;:&quot;classic&quot;}\">\n\t\t\t\t\t<div class=\"e-con-inner\">\n\t\t<div class=\"elementor-element elementor-element-4050155 e-con-full e-flex e-con e-child\" data-id=\"4050155\" data-element_type=\"container\" data-settings=\"{&quot;background_background&quot;:&quot;classic&quot;}\">\n\t\t\t\t<div class=\"elementor-element elementor-element-fe918f5 elementor-align-center elementor-icon-list--layout-traditional elementor-list-item-link-full_width elementor-widget elementor-widget-icon-list\" data-id=\"fe918f5\" data-element_type=\"widget\" data-widget_type=\"icon-list.default\">\n\t\t\t\t\t\t\t<ul class=\"elementor-icon-list-items\">\n\t\t\t\t\t\t\t<li class=\"elementor-icon-list-item\">\n\t\t\t\t\t\t\t\t\t\t\t<span class=\"elementor-icon-list-icon\">\n\t\t\t\t\t\t\t<svg aria-hidden=\"true\" class=\"e-font-icon-svg e-fas-circle\" viewBox=\"0 0 512 512\" xmlns=\"http:\/\/www.w3.org\/2000\/svg\"><path d=\"M256 8C119 8 8 119 8 256s111 248 248 248 248-111 248-248S393 8 256 8z\"><\/path><\/svg>\t\t\t\t\t\t<\/span>\n\t\t\t\t\t\t\t\t\t\t<span class=\"elementor-icon-list-text\"><strong>Fecha apertura inscripciones<\/strong>: 31 de marzo de 2026<\/span>\n\t\t\t\t\t\t\t\t\t<\/li>\n\t\t\t\t\t\t\t\t<li class=\"elementor-icon-list-item\">\n\t\t\t\t\t\t\t\t\t\t\t<span class=\"elementor-icon-list-icon\">\n\t\t\t\t\t\t\t<svg aria-hidden=\"true\" class=\"e-font-icon-svg e-fas-circle\" viewBox=\"0 0 512 512\" xmlns=\"http:\/\/www.w3.org\/2000\/svg\"><path d=\"M256 8C119 8 8 119 8 256s111 248 248 248 248-111 248-248S393 8 256 8z\"><\/path><\/svg>\t\t\t\t\t\t<\/span>\n\t\t\t\t\t\t\t\t\t\t<span class=\"elementor-icon-list-text\"><strong>Fecha apertura env\u00edo res\u00famenes<\/strong>: 31 de marzo de 2026<\/span>\n\t\t\t\t\t\t\t\t\t<\/li>\n\t\t\t\t\t\t\t\t<li class=\"elementor-icon-list-item\">\n\t\t\t\t\t\t\t\t\t\t\t<span class=\"elementor-icon-list-icon\">\n\t\t\t\t\t\t\t<svg aria-hidden=\"true\" class=\"e-font-icon-svg e-fas-circle\" viewBox=\"0 0 512 512\" xmlns=\"http:\/\/www.w3.org\/2000\/svg\"><path d=\"M256 8C119 8 8 119 8 256s111 248 248 248 248-111 248-248S393 8 256 8z\"><\/path><\/svg>\t\t\t\t\t\t<\/span>\n\t\t\t\t\t\t\t\t\t\t<span class=\"elementor-icon-list-text\"><strong>Fecha l\u00edmite de env\u00edo res\u00famenes<\/strong>: 31 de mayo de 2026<\/span>\n\t\t\t\t\t\t\t\t\t<\/li>\n\t\t\t\t\t\t\t\t<li class=\"elementor-icon-list-item\">\n\t\t\t\t\t\t\t\t\t\t\t<span class=\"elementor-icon-list-icon\">\n\t\t\t\t\t\t\t<svg aria-hidden=\"true\" class=\"e-font-icon-svg e-fas-circle\" viewBox=\"0 0 512 512\" xmlns=\"http:\/\/www.w3.org\/2000\/svg\"><path d=\"M256 8C119 8 8 119 8 256s111 248 248 248 248-111 248-248S393 8 256 8z\"><\/path><\/svg>\t\t\t\t\t\t<\/span>\n\t\t\t\t\t\t\t\t\t\t<span class=\"elementor-icon-list-text\"><strong>Confirmaci\u00f3n de aceptaci\u00f3n<\/strong>: 15 de agosto de 2026<\/span>\n\t\t\t\t\t\t\t\t\t<\/li>\n\t\t\t\t\t\t<\/ul>\n\t\t\t\t\t\t<\/div>\n\t\t\t\t<\/div>\n\t\t\t\t\t<\/div>\n\t\t\t\t<\/div>\n\t\t<div class=\"elementor-element elementor-element-5ee759f e-flex e-con-boxed e-con e-parent\" data-id=\"5ee759f\" data-element_type=\"container\">\n\t\t\t\t\t<div class=\"e-con-inner\">\n\t\t\t\t<div class=\"elementor-element elementor-element-82de4df elementor-widget elementor-widget-heading\" data-id=\"82de4df\" data-element_type=\"widget\" data-widget_type=\"heading.default\">\n\t\t\t\t\t<h2 class=\"elementor-heading-title elementor-size-default\">Sobre el env\u00edo y revisi\u00f3n de res\u00famenes<\/h2>\t\t\t\t<\/div>\n\t\t\t\t<div class=\"elementor-element elementor-element-5e2cef7 elementor-widget-divider--view-line elementor-widget elementor-widget-divider\" data-id=\"5e2cef7\" data-element_type=\"widget\" data-widget_type=\"divider.default\">\n\t\t\t\t\t\t\t<div class=\"elementor-divider\">\n\t\t\t<span class=\"elementor-divider-separator\">\n\t\t\t\t\t\t<\/span>\n\t\t<\/div>\n\t\t\t\t\t\t<\/div>\n\t\t\t\t\t<\/div>\n\t\t\t\t<\/div>\n\t\t<div class=\"elementor-element elementor-element-9cbb49a e-flex e-con-boxed e-con e-parent\" data-id=\"9cbb49a\" data-element_type=\"container\">\n\t\t\t\t\t<div class=\"e-con-inner\">\n\t\t\t\t<div class=\"elementor-element elementor-element-ca6fa9c elementor-widget elementor-widget-text-editor\" data-id=\"ca6fa9c\" data-element_type=\"widget\" data-widget_type=\"text-editor.default\">\n\t\t\t\t\t\t\t\t\t<p>Todos los res\u00famenes deben enviarse a trav\u00e9s de la plataforma Mi Congreso (enlace a MiCongreso) desde el 31 de marzo de 2026. Cada env\u00edo ser\u00e1 asignado a un equipo revisor con experiencia en el campo que proporcionar\u00e1 retroalimentaci\u00f3n a los autores y autoras.<br \/>Nuestro objetivo es que la mayor\u00eda de las propuestas puedan presentarse para facilitar un intercambio animado de perspectivas diversas. El primer autor o primera autora de un resumen ser\u00e1 considerado el presentador o presentadora (sesiones orales o p\u00f3sters) o<br \/>presidente o presienta de la sesi\u00f3n\/debate\/taller\/conversaciones en la conferencia.<\/p><p>Para inspirarte en la redacci\u00f3n de tu resumen, hemos definido cuatro l\u00edneas tem\u00e1ticas con posibles temas espec\u00edficos. Sin embargo, tambi\u00e9n existe apertura a que propongas otros<br \/>temas que consideres relevantes. Estos ejes tem\u00e1ticos los puedes revisar aqu\u00ed (enlace a \u201cInformaci\u00f3n General\u201d).<\/p>\t\t\t\t\t\t\t\t<\/div>\n\t\t\t\t\t<\/div>\n\t\t\t\t<\/div>\n\t\t<div class=\"elementor-element elementor-element-eb1a920 e-flex e-con-boxed e-con e-parent\" data-id=\"eb1a920\" data-element_type=\"container\">\n\t\t\t\t\t<div class=\"e-con-inner\">\n\t\t\t\t<div class=\"elementor-element elementor-element-9f1813f elementor-widget elementor-widget-heading\" data-id=\"9f1813f\" data-element_type=\"widget\" data-widget_type=\"heading.default\">\n\t\t\t\t\t<h2 class=\"elementor-heading-title elementor-size-default\">Formatos de presentaci\u00f3n<\/h2>\t\t\t\t<\/div>\n\t\t\t\t<div class=\"elementor-element elementor-element-ebb5596 elementor-widget-divider--view-line elementor-widget elementor-widget-divider\" data-id=\"ebb5596\" data-element_type=\"widget\" data-widget_type=\"divider.default\">\n\t\t\t\t\t\t\t<div class=\"elementor-divider\">\n\t\t\t<span class=\"elementor-divider-separator\">\n\t\t\t\t\t\t<\/span>\n\t\t<\/div>\n\t\t\t\t\t\t<\/div>\n\t\t\t\t\t<\/div>\n\t\t\t\t<\/div>\n\t\t<div class=\"elementor-element elementor-element-a4b87cc e-flex e-con-boxed e-con e-parent\" data-id=\"a4b87cc\" data-element_type=\"container\">\n\t\t\t\t\t<div class=\"e-con-inner\">\n\t\t\t\t<div class=\"elementor-element elementor-element-f5db197 elementor-widget elementor-widget-text-editor\" data-id=\"f5db197\" data-element_type=\"widget\" data-widget_type=\"text-editor.default\">\n\t\t\t\t\t\t\t\t\t<ul><li>Conversaciones din\u00e1micas:<\/li><\/ul>\t\t\t\t\t\t\t\t<\/div>\n\t\t\t\t<div class=\"elementor-element elementor-element-a53ce9c elementor-widget elementor-widget-text-editor\" data-id=\"a53ce9c\" data-element_type=\"widget\" data-widget_type=\"text-editor.default\">\n\t\t\t\t\t\t\t\t\t<p>Cada sesi\u00f3n oral de 60 minutos contendr\u00e1 cinco presentaciones orales que comparten temas similares a la conferencia. Para maximizar la interacci\u00f3n con la audiencia, cada presentaci\u00f3n estar\u00e1 limitada a un m\u00e1ximo de 5 minutos, destacando ideas clave y preguntas. Esto desencadenar\u00e1 30 minutos de animada discusi\u00f3n entre quienes presentan y la audiencia. Quienes realicen presentaciones bajo este enfoque innovador contar\u00e1n con la preparaci\u00f3n y gu\u00eda de una persona asignada para la moderaci\u00f3n.<br \/>Estructura del resumen: antecedentes, objetivo, m\u00e9todos (planificados), resultados(esperados).<\/p>\t\t\t\t\t\t\t\t<\/div>\n\t\t\t\t<div class=\"elementor-element elementor-element-075e03f elementor-widget elementor-widget-text-editor\" data-id=\"075e03f\" data-element_type=\"widget\" data-widget_type=\"text-editor.default\">\n\t\t\t\t\t\t\t\t\t<ul>\n<li>Sesiones Orales: <\/li>\n<\/ul>\t\t\t\t\t\t\t\t<\/div>\n\t\t\t\t<div class=\"elementor-element elementor-element-23bf917 elementor-widget elementor-widget-text-editor\" data-id=\"23bf917\" data-element_type=\"widget\" data-widget_type=\"text-editor.default\">\n\t\t\t\t\t\t\t\t\t<p>Cada sesi\u00f3n de 60 minutos tendr\u00e1 aproximadamente cuatro presentaciones (m\u00e1ximo 10 minutos cada una) donde se compartir\u00e1n temas similares relacionados con los ejes tem\u00e1ticos de la conferencia. Despu\u00e9s de las presentaciones, habr\u00e1 espacio para retroalimentaci\u00f3n, discusi\u00f3n, preguntas y respuestas.<br \/>Estructura del resumen: antecedentes, objetivo, m\u00e9todos (planificados), resultados (esperados).<\/p>\t\t\t\t\t\t\t\t<\/div>\n\t\t\t\t<div class=\"elementor-element elementor-element-f4f8fb0 elementor-widget elementor-widget-text-editor\" data-id=\"f4f8fb0\" data-element_type=\"widget\" data-widget_type=\"text-editor.default\">\n\t\t\t\t\t\t\t\t\t<ul>\n<li>Presentaci\u00f3n de P\u00f3sters:<\/li>\n<\/ul>\t\t\t\t\t\t\t\t<\/div>\n\t\t\t\t<div class=\"elementor-element elementor-element-6b0321a elementor-widget elementor-widget-text-editor\" data-id=\"6b0321a\" data-element_type=\"widget\" data-widget_type=\"text-editor.default\">\n\t\t\t\t\t\t\t\t\tConsideramos 5 minutos de tiempo de presentaci\u00f3n y 3 minutos\nde discusi\u00f3n para cada p\u00f3ster. Estos p\u00f3steres pueden cubrir no solo trabajo finalizado o en\ncurso, sino tambi\u00e9n ideas de investigaci\u00f3n o temas de proyectos para discutir con colegas.\nUno de los objetivos de las sesiones de p\u00f3steres es conectar participantes con intereses\ncompartidos.\nEstructura del resumen: antecedentes, objetivo, m\u00e9todos (planificados), resultados\n(esperados).\t\t\t\t\t\t\t\t<\/div>\n\t\t\t\t<div class=\"elementor-element elementor-element-4935ad2 elementor-widget elementor-widget-text-editor\" data-id=\"4935ad2\" data-element_type=\"widget\" data-widget_type=\"text-editor.default\">\n\t\t\t\t\t\t\t\t\t<ul>\n<li>Taller\/Debate\/\u201dPecera\u201d\/etc:<\/li>\n<\/ul>\t\t\t\t\t\t\t\t<\/div>\n\t\t\t\t<div class=\"elementor-element elementor-element-03330bb elementor-widget elementor-widget-text-editor\" data-id=\"03330bb\" data-element_type=\"widget\" data-widget_type=\"text-editor.default\">\n\t\t\t\t\t\t\t\t\t<p>Sesiones de 60 minutos que maximizan la interacci\u00f3n con la audiencia. Esto puede incluir talleres con 2 o 3 personas en la moderaci\u00f3n, debates con 3-<span style=\"font-size: 1rem;\">4 debatientes con la audiencia, o \u201cpeceras\u201d, donde parte del grupo de participantes\u00a0<\/span><span style=\"font-size: 1rem;\">dialoga en un c\u00edrculo central mientras el resto observa desde el exterior, pudiendo\u00a0<\/span><span style=\"font-size: 1rem;\">intercambiar posiciones. Se aceptan otros formatos interactivos que involucren\u00a0<\/span><span style=\"font-size: 1rem;\">activamente a los participantes.<\/span><\/p><p>Estructura del resumen: detalles del tema\/t\u00f3pico; moderadores, moderadoras o<br \/>debatientes; formato exacto de la sesi\u00f3n. N\u00famero m\u00ednimo\/m\u00e1ximo de participantes.<br \/>Requisitos de sala\/t\u00e9cnicos<\/p>\t\t\t\t\t\t\t\t<\/div>\n\t\t\t\t\t<\/div>\n\t\t\t\t<\/div>\n\t\t\t\t<\/div>\n\t\t","protected":false},"excerpt":{"rendered":"<p>Convocatoria CONVOCATORIA GENERAL El tema principal de la conferencia es \u201cSalutog\u00e9nesis \u2013 Conectando Culturas, Tejiendo Bienestar\u201d. Puedes conocer en detalle el alcance y objetivos de la conferencia aqu\u00ed. Ver m\u00e0s Invitamos a quienes deseen participar en la conferencia a enviar res\u00famenes relacionados con la Salutog\u00e9nesis. Despu\u00e9s de la convocatoria general, encontrar\u00e1s una convocatoria especial adicional [&hellip;]<\/p>\n","protected":false},"author":1,"featured_media":0,"parent":20,"menu_order":0,"comment_status":"closed","ping_status":"closed","template":"","meta":{"footnotes":""},"class_list":["post-721","page","type-page","status-publish","hentry"],"_links":{"self":[{"href":"https:\/\/ariel.cfrd.cl\/salutogenesis\/wp-json\/wp\/v2\/pages\/721","targetHints":{"allow":["GET"]}}],"collection":[{"href":"https:\/\/ariel.cfrd.cl\/salutogenesis\/wp-json\/wp\/v2\/pages"}],"about":[{"href":"https:\/\/ariel.cfrd.cl\/salutogenesis\/wp-json\/wp\/v2\/types\/page"}],"author":[{"embeddable":true,"href":"https:\/\/ariel.cfrd.cl\/salutogenesis\/wp-json\/wp\/v2\/users\/1"}],"replies":[{"embeddable":true,"href":"https:\/\/ariel.cfrd.cl\/salutogenesis\/wp-json\/wp\/v2\/comments?post=721"}],"version-history":[{"count":82,"href":"https:\/\/ariel.cfrd.cl\/salutogenesis\/wp-json\/wp\/v2\/pages\/721\/revisions"}],"predecessor-version":[{"id":1120,"href":"https:\/\/ariel.cfrd.cl\/salutogenesis\/wp-json\/wp\/v2\/pages\/721\/revisions\/1120"}],"up":[{"embeddable":true,"href":"https:\/\/ariel.cfrd.cl\/salutogenesis\/wp-json\/wp\/v2\/pages\/20"}],"wp:attachment":[{"href":"https:\/\/ariel.cfrd.cl\/salutogenesis\/wp-json\/wp\/v2\/media?parent=721"}],"curies":[{"name":"wp","href":"https:\/\/api.w.org\/{rel}","templated":true}]}}